).
6
Let b(v) be the first derivative of -v**3/3 + 3*v**2 - 4*v - 58. Suppose -2*z + 2*t + 18 = 0, 0 = 2*z + 4*t - 9*t - 33. Determine b(z).
4
Let t(c) be the third derivative of -c**6/120 - c**5/10 - 7*c**3/6 - 299*c**2. What is t(-6)?
-7
Suppose 8 = 2*u, 0 = -0*d + 5*d - 2*u - 7. Suppose -3*j = -5*g + 5, -j + 3 = 2*j - d*g. Let b(z) = -z**2 + 2*z + 7. What is b(j)?
-8
Let u(t) = -10*t + 3*t + 2*t**2 - 6*t**3 + 6*t. Determine u(1).
-5
Suppose 5 + 0 = 5*j - b, -3*b - 15 = 4*j. Let r(l) = j - 3*l - l + 3*l - 6. Suppose 4*n = -2*c + 2*n, 3*c - 5*n = 0. Determine r(c).
-6
Let i(g) be the third derivative of -g**6/30 + g**5/20 - g**4/8 + g**3/2 - g**2. Let t be 8/6 + (-18 - 1120/(-60)). What is i(t)?
-23
Let m(x) = -2*x - 4 + 5*x + 1. Let h be 6*1 - (-11 + 10). Suppose -h*r - 5*z = -2*r - 20, 4 = 4*z. Calculate m(r).
6
Let c(u) = -4*u - 319. Let r(i) = 2*i + 174. Let s(t) = 6*c(t) + 11*r(t). Suppose 0*a + 27 = 3*a. Suppose 3*h + 9 + a = 0. Determine s(h).
12
Let a(o) be the second derivative of o**5/20 + o**4/2 + 2*o**3/3 + 5*o**2/2 + 3*o. Suppose -4*n - 8 = 12. Give a(n).
10
Suppose -23 = -4*s - 5*t + 3, 3*s - 14 = -t. Let q(w) = -w - w**2 - 2 + 3 + 4 - s. Determine q(-2).
-1
Let s(f) = 7*f**2 - f. Suppose 2*k - 5 = -d, 3*d = 2*k + 4 - 5. Give s(d).
6
Let k(r) be the third derivative of 0*r + 0 + r**2 + 1/12*r**4 + r**3. Let w be 1 + -11 + 3 + 1. Calculate k(w).
-6
Let v(b) = -1. Suppose 35 = -5*q + 45. Let i be (-3)/(-4) + q/8. Let y(r) = -3*r + 1. Let m(o) = i*y(o) + 2*v(o). What is m(-4)?
11
Suppose 20 - 56 = -9*u. Let m(z) = -2*z**3 - 5*z - 3. Let d(o) = 3*o**3 - o**2 + 5*o + 4. Let y(f) = 3*d(f) + 4*m(f). Determine y(u).
-4
Suppose 2*b - 6*b + 56 = 4*u, -2*b + 3 = -3*u. Let d(c) = -3 - 9 + 15 - 4 - b*c. Give d(-1).
8
Let i(w) = -7*w**2 - 17*w - 37. Let a(z) = 4*z**2 + 8*z + 21. Let y(v) = -5*a(v) - 3*i(v). What is y(-8)?
-18
Suppose p = -2, -2*z - 5*p = -6*z + 22. Let u(n) be the second derivative of 0 + 7/2*n**2 - 1/6*n**z + 6*n. What is u(6)?
1
Let z(f) = -19834 + 19834 - 16*f. Let q = 1 + -2. Determine z(q).
16
Let l(i) = -4472*i**2 + 2233*i**2 - i**3 - 6 + 2231*i**2 - 3*i. Calculate l(-7).
-34
Let o(y) = y + 4. Let l(c) = -2*c + 40. Let a be l(20). Suppose -4*h - 17 + 5 = a. What is o(h)?
1
Let c(s) = -44 - 28 + 67 - 4*s + 3*s. Calculate c(10).
-15
Let p(f) = -5*f - 3. Let o be p(-2). Let i(k) = -k**2 - k + 2. Let b(s) = -5*s**2 + 2*s. Let l(c) = -b(c) + 4*i(c). Determine l(o).
15
Suppose -28 = 6*g + g. Let t be g + 4 + (-10 - -4). Let j(s) = s**2 + 9*s + 6. Calculate j(t).
-12
Suppose 4*o = -3*c + 35, -7 = -c - 2*o + 8. Suppose 0 = -i + 5, -2*i - 10 = -c*q - 3*i. Let t(j) = -31361*j - 1 + 31361*j + 2*j**2. Calculate t(q).
1
Let q(d) = -d**3 + 5*d**2 - 5*d + 22. Let c be q(5). Let t(j) be the third derivative of -3*j**2 + 0 + 0*j - 1/3*j**3 - 5/24*j**4. Determine t(c).
13
Let q(v) = 5 - v**2 + 0 + 10*v - 14 + 1. Give q(10).
-8
Let l(w) = -32*w + 73*w - 40*w + 2. Determine l(7).
9
Let u(f) be the third derivative of 1/6*f**4 - 1/120*f**6 - 1/60*f**5 + 12*f**2 + 0 + 0*f + 0*f**3. Suppose 3*h + 4 + 5 = 0. Determine u(h).
6
Let o(t) be the third derivative of t**6/360 + t**5/24 - 7*t**4/24 - 19*t**3/6 + 10*t**2. Let c(y) be the first derivative of o(y). Calculate c(-7).
7
Let s(w) = 3*w**2 - 7*w. Let a(f) = f**2 - f - 1. Let z(q) = 4*a(q) - s(q). Suppose -5*j + 4*m - 625 = 0, -3*m = -0*m. Let c = j + 121. What is z(c)?
0
Let r(g) = -2 + 4 - 1 + 3*g. Let l(i) = i**3 + 2*i**2 + 2*i + 1. Let h be l(-1). Suppose h*v = 7*v + 7. What is r(v)?
-2
Let x(t) = -10*t**2 - t + 12. Let j(z) = 11*z**2 + z - 15. Let b(n) = -3*j(n) - 4*x(n). Determine b(-2).
23
Suppose 3*g + 4*w = 7, -20 = -2*g - 0*g + 5*w. Let y(p) = -2*p - 30. Let m be y(-17). Suppose m*l - g*l = -4. Let j(k) = -k**2 + 4*k + 1. Give j(l).
1
Let i(d) = 4*d**2 + 9*d**2 - 3 - 12*d**2 - 3*d. Let o be (-1)/((-3)/(-18)*-2). What is i(o)?
-3
Let y be (0 - 3/3)/(-1). Let a be (3 - 1)*y/2. Let t(h) = -a - 2*h - 5*h**2 + 2*h + 6*h**2. Give t(-2).
3
Let m(s) = 21*s**2 + 3*s - 3. Let z(h) = 8*h**2 + h - 1. Let k(x) = -3*m(x) + 8*z(x). Calculate k(-5).
31
Let q(y) = -y**3 - 5*y**2 + 2*y + 5. Let h(z) be the third derivative of z**5/60 - z**4/4 - 2*z**2. Let x be h(5). Let t = x + 0. Calculate q(t).
-5
Let y(c) be the second derivative of 11*c**5/20 + c**4/12 - c**3/2 - 3*c**2/2 + 17*c + 4. Give y(-1).
-10
Let p be (-2 + 3)*1 + 1. Let z = 71 + -68. Let q(y) = y - 3*y**2 - 3*y**3 + 0*y**3 + 4*y**z + 2*y**3 + 1. Calculate q(p).
15
Let k be 50/(-30)*6*3/(-2). Let c(v) = -v + 15. Determine c(k).
0
Let b be 1/(3 + (-10)/4). Let z(g) = 24*g**2 - 17*g - 4. Let l(f) = 6*f**2 - 4*f - 1. Let u(h) = b*z(h) - 9*l(h). Let c be 2*(4/2)/(-4). Give u(c).
-7
Let h(w) = w**3 - 9*w**2 + 6*w + 15. Let o be h(8). Let a = -2 - -4. Let r(s) = 4*s - 5*s + 2*s**2 - s - 1 - 3*s**2 - a*s**3. Give r(o).
2
Let c(j) = 20*j - 47. Let o be c(2). Let b(a) = a**3 + 3 + 9*a**2 + a - a**2 + a + 6*a. Calculate b(o).
-4
Let m(c) be the first derivative of c**3/3 + 5*c**2 + 2*c - 9. Let n be m(-10). Let d(g) = g - n + 1 + 0. Calculate d(5).
4
Let u = -68 - -53. Let d be u/(-2) - ((-6)/(-4) + 0). Let p(r) = 3*r - 5. What is p(d)?
13
Let t(g) = -3*g - 5. Let c be -6 + (-96)/(-15) - (-198)/5. Let n = 35 - c. What is t(n)?
10
Let s(j) = -3 + 4*j - 153*j**2 + 152*j**2 + 4. Calculate s(-2).
-11
Let c(b) = -78*b + 1795. Let m be c(23). Let v(j) = 2*j**2 - 3*j. Let i be v(2). Let z(n) = -2*n**2 + n**2 - 4*n**i + n. Determine z(m).
-4
Let a(w) be the third derivative of -w**4/12 - 10*w**3/3 + 439*w**2. Give a(-7).
-6
Let u = 30 + -24. Let i(w) = 4*w**3 + 0*w**3 + 18*w - 4 - u*w**2 - 23*w. Let s(z) = 3*z**3 - 5*z**2 - 4*z - 5. Let n(h) = -4*i(h) + 5*s(h). Give n(0).
-9
Let t(l) = -l + 5. Let k(b) = 10 + 5*b**2 + 12 + 40*b - 12*b - 28. Let z be k(-6). Calculate t(z).
-1
Let m(h) be the third derivative of -h**5/60 - h**4/3 + 2*h**3/3 + 7*h**2. Calculate m(-4).
20
Let z(d) = -1151*d**2 - 2*d**3 - 1152*d**2 + 3 + 2310*d**2 - 6*d. Give z(4).
-37
Suppose -2*r + 3*z - z = 6, 2*r + 2*z + 22 = 0. Let m = -5 - r. Let l(s) = -2*s**2 - s**m - 6*s - 3*s**2 + 5*s**2. Determine l(-6).
0
Let b(q) = -q - 7. Let y be b(-6). Let d be (-6 - (y - -2)) + -3. Let w be 5*(-3 + (-36)/d). Let s(c) = -c**3 + 2*c**2 + 4*c - 4. What is s(w)?
-1
Suppose 0 = -3*q - 2*o + 12, -38*q + 41*q = -o + 9. Let n(l) be the first derivative of 1/2*l**q + 3*l - 3. Give n(3).
6
Let v(r) = -5*r**3 - 15*r**2 + 10*r - 23. Let n(y) = -y**3 - y**2 - 3. Let d(b) = -4*n(b) + v(b). Determine d(-12).
13
Let a = 218 - 225. Let b(i) = -7*i**2 + i**3 - 4 - 2*i**3 + 3. Give b(a).
-1
Let y(n) be the first derivative of n**4/4 - n**3/3 - n**2/2 + 3*n - 154. Determine y(2).
5
Let y(b) be the second derivative of -b**4/12 + b**3/6 + 7*b**2 + 271*b. What is y(0)?
14
Let s(t) = 6*t**3 - 2*t**2 + 5*t - 4. Let w(d) = -5*d**3 + 3*d**2 - 4*d + 3. Let b(g) = -3*s(g) - 4*w(g). Calculate b(3).
3
Suppose 4*o = o - 15. Let z(v) = -12*v**2 - v + 3. Let k(n) = -29*n**2 + 61 - 2*n + 58 + 11*n**2 - 114. Let c(p) = o*k(p) + 8*z(p). Calculate c(1).
-5
Let n(w) = -7 + 1 + 0 + 1046*w - 1045*w. Calculate n(4).
-2
Let l(s) = -13*s - 1. Let j(y) = 32*y + 258. Let g be j(-8). Calculate l(g).
-27
Suppose -3*b + b - 16 = 2*f, 5*f + 16 = 3*b. Let a(o) = 7*o + 3 + 0 + 5*o**2 + 10*o**2 - 14*o**2. What is a(f)?
-7
Let v(s) = -7*s - 2. Suppose k + 3 = -o, o + 2*k - 7*k - 15 = 0. Let h(n) = -n**2 - 8*n + 9. Let c be h(-9). Suppose -2*x - 4 + c = o. Determine v(x).
12
Let q(s) = s**2 - 10*s - 14. Let a(v) = -v**2 + 11*v + 15. Let p(l) = -6*a(l) - 7*q(l). Let n be 28/(-7) - (-2 - 0). Let b be 10*n/(-8)*120/50. What is p(b)?
-4
Let h = -38 - -37. Let t be 0 + -3 + h + 1. Let s(b) = 3*b**2 + b - 3. Determine s(t).
21
Let a(q) = -2*q - 5. Suppose -2*y - 4*s = 0, y + s + 0 = -3. Let c be ((-2)/6)/(y/90). Suppose 34 = -5*w + 3*o, -w - 3*o + c = 1. What is a(w)?
5
Let h(o) be the second derivative of o**3/6 - 2*o. Suppose -u = u - u. Let y be h(u). Let q(p) = -p**2 + p + 8. What is q(y)?
8
Let r(y) = y**3 + 9*y**2 - 2*y - 13. Let u(h) = h**2 + h - 1. Let o(t) = r(t) - 4*u(t). Let q = -31 - -12. Let c = q - -13. Calculate o(c).
-9
Let u(s) = 0 - 8 - 8*s + 104*s**3 - 105*s**3 - 7*s**2 + 0. Give u(-6).
4
Let p(h) be the third derivative of h**8/